in base 8?
7614
-3732 (base 10) to base 5
-104412
Convert -102211 (base 4) to base 11.
-991
What is 1acb2 (base 13) in base 6?
1044000
1303111 (base 4) to base 8
16325
-10001200021 (base 3) to base 4
-32231233
What is -1881 (base 15) in base 16?
-14b0
What is 1564 (base 7) in base 14?
334
What is -10001001111011 (base 2) in base 13?
-4030
What is 204052 (base 6) in base 10?
16448
Convert 150254 (base 7) to base 12.
14905
What is 120010 (base 3) in base 12?
2a0
-100001011 (base 2) to base 3
-100220
Convert 2727 (base 9) to base 11.
15a4
What is 1342 (base 15) in base 10?
4112
What is -12855 (base 9) in base 10?
-8717
Convert 17428 (base 10) to base 16.
4414
What is -947 (base 11) in base 12?
-7b0
-41521 (base 6) to base 9
-7604
255451 (base 7) to base 6
1004114
Convert -7357 (base 8) to base 6.
-25411
Convert -26968 (base 12) to base 4.
-30333200
-2a67 (base 12) to base 14
-1b55
-2b1 (base 12) to base 16
-1a5
Convert 5425 (base 6) to base 3.
1200222
2022212122 (base 3) to base 15
d8ab
1011020 (base 5) to base 12
9595
What is 10100 (base 4) in base 7?
536
4767 (base 8) to base 10
2551
What is -1023 (base 6) in base 11?
-1a0
Convert -27244 (base 8) to base 4.
-2322210
-6552 (base 7) to base 14
-bd2
-7221 (base 9) to base 5
-132114
-113234 (base 6) to base 15
-2d94
-1c62 (base 14) to base 9
-7087
c2 (base 16) to base 12
142
What is -3022 (base 6) in base 3?
-220112
Convert 2e (base 16) to base 14.
34
-15a14 (base 13) to base 2
-1010000100100101
-10010111101 (base 2) to base 6
-5341
What is 1018 (base 9) in base 15?
34b
1210 (base 7) to base 6
2024
What is -4765 (base 10) in base 5?
-123030
-60 (base 16) to base 2
-1100000
-2422432 (base 5) to base 15
-d697
Convert -15433 (base 9) to base 12.
-6140
151 (base 7) to base 14
61
Convert -251631 (base 7) to base 13.
-180ab
Convert -3112 (base 4) to base 12.
-15a
Convert 5515 (base 9) to base 15.
130e
Convert 2d75 (base 14) to base 5.
230024
What is -2733 (base 14) in base 11?
-5208
1a15 (base 12) to base 15
e25
6273 (base 11) to base 15
26dd
What is -11223 (base 5) in base 3?
-1010010
-12636 (base 10) to base 14
-4868
Convert -10001312 (base 4) to base 11.
-11442
What is -69 (base 15) in base 7?
-201
What is 3328 (base 9) in base 12?
1508
Convert 1000000001 (base 2) to base 4.
20001
4051 (base 8) to base 16
829
What is -201000201 (base 3) in base 16?
-362e
Convert 61207 (base 8) to base 16.
6287
-21cb (base 13) to base 12
-28a2
Convert -3c2 (base 13) to base 7.
-1640
Convert -15460 (base 7) to base 16.
-1102
869 (base 10) to base 16
365
Convert 23215 (base 8) to base 6.
113405
Convert -2a620 (base 12) to base 14.
-17a40
Convert 1122010120 (base 3) to base 14.
ba20
Convert 2908 (base 16) to base 9.
15361
What is 1153031 (base 6) in base 13?
2204b
12221101 (base 4) to base 11
194a3
What is 144a6 (base 12) in base 6?
335130
Convert -1211120 (base 3) to base 12.
-936
What is -211030 (base 8) in base 10?
-70168
What is -306 (base 16) in base 9?
-1050
What is 5015 (base 10) in base 12?
2a9b
What is 1312 (base 6) in base 7?
653
Convert -1001101010111 (base 2) to base 8.
-11527
-214 (base 5) to base 9
-65
-44140 (base 9) to base 2
-111001001011101
30100 (base 4) to base 7
2200
Convert 3360 (base 7) to base 13.
729
What is 2053 (base 16) in base 15?
26ba
What is 3aa43 (base 11) in base 3?
2222020022
What is -18658 (base 14) in base 13?
-22082
What is -267e (base 15) in base 2?
-10000000011011
What is -4023 (base 6) in base 10?
-879
2094 (base 11) to base 9
3712
1076 (base 14) to base 6
21104
Convert 103130 (base 5) to base 14.
140c
Convert -6788 (base 13) to base 7.
-60131
What is 10302 (base 7) in base 12?
1586
-103105 (base 8) to base 5
-2044443
-111110001110 (base 2) to base 16
-f8e
Convert -6b13 (base 12) to base 4.
-2322333
What is 30123 (base 12) in base 7?
346602
Convert 11000011 (base 3) to base 10.
2920
Convert 14201 (base 5) to base 14.
600
-64110 (base 8) to base 4
-12201020
Convert -1000111101 (base 2) to base 12.
-3b9
Convert -9715 (base 12) to base 16.
-40c1
Convert 1521 (base 6) to base 15.
1c4
What is -763 (base 8) in base 10?
-499
What is -1282 (base 13) in base 2?
-101001010001
What is -111020 (base 3) in base 7?
-1020
1b239 (base 12) to base 6
505313
Convert -320103 (base 4) to base 14.
-1455
25545 (base 6) to base 14
15b3
Convert 30330 (base 5) to base 2.
11110101101
11020002 (base 3) to base 13
152c
Convert -24775 (base 11) to base 8.
-105317
What is 304041 (base 5) in base 6?
113452
Convert 1045123 (base 6) to base 7.
310302
What is 2022213 (base 5) in base 12?
16ba0
What is 3bc (base 16) in base 12?
678
13334 (base 6) to base 7
6022
Convert -3134 (base 5) to base 8.
-643
-13026 (base 10) to base 4
-3023202
Convert -98f (base 16) to base 10.
-2447
Convert 110012 (base 3) to base 13.
1c4
100101100000100 (base 2) to base 9
28307
What is 362 (base 10) in base 8?
552
-25543 (base 7) to base 2
-1101010001001
Convert -26321 (base 7) to base 8.
-15556
What is b802 (base 14) in base 13?
115b8
Convert -10101 (base 2) to base 5.
-41
Convert 74 (base 14) to base 8.
146
What is 4604 (base 11) in base 8?
13646
Convert -2304113 (base 5) to base 2.
-1010000011000110
Convert -110111110011 (base 2) to base 8.
-6763
111022201 (base 3) to base 7
40213
-4014 (base 12) to base 10
-6928
-1159 (base 15) to base 3
-12001110
What is 666 (base 7) in base 3?
110200
Convert 374 (base 11) to base 2.
110111100
Convert 1000001000110 (base 2) to base 16.
1046
217 (base 9) to base 15
bd
-1415 (base 7) to base 15
-26b
What is 34b (base 12) in base 9?
605
-1229 (base 13) to base 14
-d18
-10100133 (base 4) to base 13
-7c26
What is 710 (base 13) in base 15?
54b
2000223 (base 5) to base 9
46852
47624 (base 9) to base 12
16527
21122 (base 4) to base 15
2a2
What is -122102 (base 3) in base 9?
-572
What is 1c0a (base 16) in base 13?
3362
What is -49897 (base 10) in base 9?
-75401
What is -23947 (base 12) in base 7?
-256651
Convert -1100111001111011 (base 2) to base 9.
-80452
Convert 5764 (base 11) to base 4.
1312110
Convert 8a9 (base 13) to base 5.
21431
What is 2024011 (base 5) in base 6?
412450
Convert -18b1 (base 13) to base 12.
-2179
What is -11121 (base 4) in base 11?
-294
1041313 (base 5) to base 8
43635
11be (base 16) to base 13
20b5
What is 41640 (base 8) in base 13?
7b59
What is -232303 (base 4) in base 16?
-bb3
-1610 (base 9) to base 10
-1224
What is 1202 (base 6) in base 5?
2130
Convert 2012100 (base 3) to base 13.
963
Convert 464 (base 9) to base 5.
3012
Convert 9b5 (base 15) to base 12.
132b
Convert 61d0 (base 14) to base 11.
11721
What is 1061 (base 7) in base 4?
12002
Convert -764 (base 9) to base 15.
-2ba
What is -36a2 (base 12) in base 7?
-23663
Convert c215 (base 14) to base 3.
1200201210
Convert -506 (base 7) to base 5.
-2001
-110001010 (base 2) to base 9
-477
2243 (base 7) to base 16
32f
Convert 22537 (base 8) to base 7.
36615
Convert 3464 (base 9) to base 16.
a09
What is 10011111011 (base 2) in base 3?
1202020
What is 2ba (base 14) in base 15?
271
80f (base 16) to base 5
31223
40076 (base 8) to base 3
211120010
Convert -110000111000100 (base 2) to base 4.
-12013010
What is -124 (base 13) in base 14?
-103
Convert -20210121 (base 3) to base 13.
-2344
529 (base 16) to base 13
7a8
What is 3322 (base 5) in base 9?
563
Convert 110 (base 2) to base 16.
6
Convert d50d (base 15) to base 10.
45013
What is 6206 (base 10) in base 15?
1c8b
-1012101010 (base 3) to base 14
-885b
Convert 7d5 (base 14) to base 15.
6de
102223102 (base 4) to base 3
10212221021
-52330 (base 8) to base 13
-9b6a
What is -788e (base 16) in base 8?
-74216
-10212 (base 4) to base 13
-198
10011110 (base 2) to base 11
134
What is 10755 (base 9) in base 16?
1c0a
-1f5 (base 16) to base 2
-111110101
14662 (base 7) to base 3
12122021
32a (base 13) to base 8
1037
What is -12c1 (base 15) in base 14?
-1662
234212 (base 6) to base 16
4fa0
What is -5108 (base 9) in base 12?
-21b2
What is -13101 (base 5) in base 8?
-2002
What is -10234 (base 5) in base 9?
-851
Convert b33 (base 12) to base 3.
2020010
What is 1100110100 (base 2) in base 6?
3444
What is 1001111111 (base 2) in base 11?
531
What is 17 (base 13) in base 7?
26
Convert 1130221 (base 4) to base 6.
43241
What is 19 (base 12) in base 2?
10101
Convert 1f6 (base 16) to base 6.
2154
335 (base 14) to base